et m(u) = -2*u + 5. Let v be m(n). Let f = v - 0. What is the tens digit of f?
1
What is the hundreds digit of (14445/(-36))/((-1)/4)?
6
Suppose 17*n - 13*n = 4*q - 5688, 2*q + 3*n = 2844. What is the thousands digit of q?
1
Suppose 4*r - 7 = -3*h, 2*h + r = -2 + 10. Suppose -5*w - 4*d = -7, w = 2*w + 2*d - h. Let c = w + 42. What is the tens digit of c?
4
Suppose -29*d + 32*d - 1758 = 0. What is the units digit of d?
6
Let x be ((-7)/(-2))/(3/84). Let q = x - 44. What is the units digit of q?
4
Let x(k) = 57*k - 11. Let w = -57 - -60. What is the tens digit of x(w)?
6
Suppose 0*z - 29 = -3*z - h, 0 = h - 5. Let x be 2 + (-1 + 5 - z). What is the units digit of ((-3)/((-3)/(-64)))/x?
2
Let t = -904 - -1308. What is the units digit of t?
4
Let z(v) = 4*v**2 - 13*v - 26. What is the tens digit of z(8)?
2
Suppose -2*c + 42 = m, -2*c - 2*m + 42 = 2*m. Suppose 5*k - 8*k = -c. Let j(r) = 2*r - 9. What is the units digit of j(k)?
5
Let n = 635 - -207. What is the hundreds digit of n?
8
Suppose -9*a + 8*a = -638. What is the tens digit of a?
3
Let d(o) = -3*o + 26*o - 8 + 0 - 16 - o**2. What is the tens digit of d(18)?
6
Let s = -24 + 27. Let h(l) = 11*l - 3. What is the tens digit of h(s)?
3
Let s(i) = 9*i - 145. Let h be s(17). Let f be 2 + (-1 - -371 - -2). What is the units digit of f/h - (-3)/12?
7
Let p(v) = -v + 4. Let o be p(4). Let u(z) = z**3 - 14*z**2 + 15*z - 4. Let k be u(13). Suppose -k = -j - o. What is the units digit of j?
2
Suppose f = 4*w - 7, -4 = -0*f + 3*f + 5*w. Let l(b) = b**2 + b. Let n be l(f). Let d(t) = 2*t + 25. What is the units digit of d(n)?
7
Let p = 292 + -194. Let v = -40 + p. What is the units digit of v?
8
Let t(g) = -2*g**3 - 3*g**2 - 3*g - 3. Let a be t(-2). Suppose -5*r = -2*w - 264, w - 206 = 3*r - a*r. What is the units digit of r?
2
Suppose -3*d - 12 = s, 2*s + d + 18 = -3*d. Let o = -3 - s. Let g(x) = x**2 + x + 11. What is the tens digit of g(o)?
1
Let z(a) = 12*a**3 - 16*a**2 + a. What is the units digit of z(4)?
6
Let t(l) = -2*l - 10. Let d be t(-8). Let b(o) = 7*o**2 - 15*o. Let p(i) = 36*i**2 - 75*i. Let a(q) = 21*b(q) - 4*p(q). What is the units digit of a(d)?
8
Suppose 5*i - 12327 = 2*a, 3*i - 6*a = -11*a + 7390. What is the tens digit of i?
6
Suppose -4*y = 20, -3*d = 4*y - 5*y - 23. Suppose -12 = -0*r - d*r. Suppose -r*q - 80 = -7*q. What is the tens digit of q?
1
Let z(c) = 72*c**2. Let d = 36 - 37. What is the tens digit of z(d)?
7
Let s be -2 + 3/3*(-3 + 6). What is the hundreds digit of (1*-171)/(s*6/(-8))?
2
Suppose -d + 48 = 2*d. Let a = 22 - d. Suppose -a*m = -m - 40. What is the units digit of m?
8
Let o(l) = l**2 + 11*l - 28. Let c be o(-16). Suppose -4*f - 9 - 107 = 0. Let w = c + f. What is the units digit of w?
3
Let y(v) = -2*v - 19. Let j = -24 - -13. Let m be y(j). Suppose 0 = -3*r - m, -2*k = -3*r - 19 - 56. What is the tens digit of k?
3
Suppose 385*r = 392*r - 20531. What is the tens digit of r?
3
Suppose -5*n - 2*j = -3146, 0 = -2*n + j + 4*j + 1241. What is the units digit of n?
8
What is the hundreds digit of 38/247 - (-6810)/13?
5
Let z = -142 - -237. What is the units digit of ((-30)/25)/((-2)/z)?
7
Let m = -954 - -1095. What is the units digit of m?
1
Let b(u) = 13*u**2 - 4*u + 7. What is the hundreds digit of b(6)?
4
Suppose -45 = -3*d - 9. Suppose 0 = l + 2*l - d. Suppose -l*j + 6 = -2*j. What is the units digit of j?
3
Let n(o) = -o**2 - 5*o - 5. Let u = 1 - 6. Let s be n(u). Let i = 7 - s. What is the tens digit of i?
1
Let r(v) = 14*v - 80. What is the hundreds digit of r(16)?
1
Suppose -14*p + 4*p = -20. Suppose -2*o + a + 323 = 0, -5*a = -0*o - 4*o + 655. Suppose p*u + 2*u = o. What is the tens digit of u?
4
Suppose -15 + 7 = -2*t. Let n be 1506/t*(-2)/(-3). Suppose n = 6*l + 95. What is the units digit of l?
6
Suppose 5*j + 30 = 10*j. What is the units digit of j/(-36) + 265/6?
4
Let g(c) = 5*c**2 + 5*c - 40. What is the hundreds digit of g(-11)?
5
Let y(c) = 5*c - 30. Let d be y(9). Suppose -10*m = -d*m + 1225. What is the tens digit of m?
4
Let h = 127 - -323. Let i be 1/4 + h/(-8). Let m = -36 - i. What is the units digit of m?
0
Suppose 3013 = 2*r - 5*q, -8*q + 4*q - 4 = 0. What is the units digit of r?
4
Suppose 4*k + 4*l = 3892, -1314 = -4*k - 2*l + 2576. Suppose -20*v + 8*v = -k. What is the units digit of v?
1
Suppose 14*n - 11099 = 3*n. What is the units digit of n?
9
Let a = 9038 - 6341. What is the thousands digit of a?
2
Suppose -6*b = -10*b + 672. What is the tens digit of b?
6
Suppose -i - 2*i = d + 116, -240 = 2*d - 2*i. Let b = d - -222. What is the units digit of b?
3
What is the tens digit of ((-23)/(-2))/(5/290)?
6
Let p(b) be the second derivative of 1/6*b**4 - 1/20*b**5 + 0 + 14*b**2 + 10*b + 0*b**3. What is the units digit of p(0)?
8
Let f(d) = -d**2 + 14*d + 2. Let t be f(14). Suppose -t*k + 1 = -5*x + 4, -x = -3*k + 2. What is the units digit of (1 + k)/2*3?
3
Let x = 54 + -84. What is the hundreds digit of (-1730)/x*(3*-1)/(-1)?
1
Let y(d) = 4*d**3 - 5*d**2 - 18*d + 45. What is the hundreds digit of y(7)?
0
Let r(u) = 121*u**2 - 11*u + 19. What is the hundreds digit of r(2)?
4
Let u(h) = h**3 + 5*h**2 + 6*h + 2. Let t be u(-3). Let b(a) = 23*a**3 - 5*a**2 - 2. What is the units digit of b(t)?
2
Let d = -52 - -35. Suppose 6*o = 7*o + 4*m - 2, -5*o - 3*m + 44 = 0. Let q = o - d. What is the units digit of q?
7
What is the units digit of -54*-3*20/15?
6
What is the thousands digit of (0 + -1)/(29/(-41818)) - -1?
1
Suppose -22*v = -19*v. Suppose 2*y - 33 - 29 = v. Suppose -k = -34 - y. What is the units digit of k?
5
Let l be 4 - 8 - (0 + -25). Suppose -49 + l = 4*d. Let f = 15 - d. What is the tens digit of f?
2
Suppose 5*g = 116 - 21. Let o = g + -19. Suppose o = i - 4*i + 54. What is the units digit of i?
8
Suppose -2*q + 5*p = 342, 4*q - p = -4*p - 658. Let v be q/3*3/(-2). Let u = v - 55. What is the tens digit of u?
2
Suppose u - 3*q - 56 = -u, -4*u - 3*q + 94 = 0. Suppose 8*y - 23 = u. What is the units digit of 110/2 + -2 + y?
9
Let r = 11 + -10. Suppose -r = -2*h + 1. Suppose -3*u = i - 48, 0 = -u + 3*i + 5 + h. What is the tens digit of u?
1
Let l = -13 - -8. Let p = -46 - -48. What is the units digit of (p + l - 28)/(-1)?
1
Let t(q) = 2*q + 21. Let h be t(-9). Let b(c) = -4*c + 21 + 3*c - h. What is the tens digit of b(-15)?
3
What is the tens digit of 1837 + 6*(-10)/(-60)?
3
Suppose 5640 = 4*k - 4*o - 2076, 2*k - 3*o = 3853. What is the hundreds digit of k?
9
Let h(l) = l**2 - 9*l + 21. Let x(g) = g**2 - 9*g + 19. Let w(n) = -5*h(n) + 6*x(n). Let s be (1 + (-2)/(-8))*8. What is the tens digit of w(s)?
1
Suppose -3*u + 2170 = 2*n, 0*u + 4*u - 4*n - 2880 = 0. Suppose -6*v = -u - 160. What is the units digit of v?
7
Suppose 0 = -2*g + 198 - 78. Let a = -22 + g. What is the units digit of a?
8
Let d(t) = -2*t**2 - 13*t - 3. Let y be d(-6). What is the hundreds digit of (y + -5)/((-4)/350 + 0)?
1
Let u = -1 + 4. Suppose -5*n + 5*r + 10 = 0, -1 - 1 = r. Suppose u*c - 45 = -n*c. What is the units digit of c?
5
Let d be (-1)/(-4) - (-1806)/8. Let m = 322 - d. Suppose -m = -4*q - 16. What is the tens digit of q?
2
Let u(q) = 15*q**2 - 13*q + 45. What is the units digit of u(3)?
1
Let f = 80 + -77. Suppose x - 763 = -5*o - 2*x, -3 = -f*x. What is the units digit of o?
2
Suppose -3*y - 2*y + 50 = 0. Suppose 2*d - y = -3*d. What is the units digit of -6 + (5 - d) + 4?
1
What is the thousands digit of 985236/672 - (-1)/(-8)?
1
Let j(r) = 3*r**2 - 10*r - 36. What is the hundreds digit of j(9)?
1
Suppose 4*p = -4*c + 4064, 2*c + 2*p = c + 1021. What is the tens digit of c?
1
Let g(j) = 4*j - 21. Let n be g(6). Suppose 533 = 4*z + 5*q, z - n*q = 6*z - 676. What is the tens digit of z?
3
Let y = 16 + 25. Let l = y + -23. What is the tens digit of l?
1
Let g(y) = -45*y - 92. What is the hundreds digit of g(-14)?
5
Suppose -4 = 14*i - 15*i. What is the tens digit of (-4 - (-21 - i)) + 2?
2
Suppose -4*m = -0*m. Suppose 3*i = -m*i - 9. What is the units digit of (i/6)/((-2)/4)?
1
Let p(u) = 95*u - 132. Let n(y) = -19*y + 26. Let i(t) = -11*n(t) - 2*p(t). What is the units digit of i(11)?
7
Suppose -2156 = -2*x + 2950. What is the tens digit of x?
5
Let n(w) = -820*w**3 + 2. What is the hundreds digit of n(-1)?
8
Let l = -3 + 9. Suppose -l = -y - y. W